{"id":55113,"date":"2026-03-09T16:59:18","date_gmt":"2026-03-09T19:59:18","guid":{"rendered":"https:\/\/cbr.org.br\/?post_type=activity&#038;p=55113"},"modified":"2026-03-09T16:59:18","modified_gmt":"2026-03-09T19:59:18","slug":"prova-de-titulo-de-especialista-e-certificado-de-area-de-atuacao-2026-1a-fase","status":"publish","type":"activity","link":"https:\/\/cbr.org.br\/es\/atividades-cbr\/prova-de-titulo-de-especialista-e-certificado-de-area-de-atuacao-2026-1a-fase\/","title":{"rendered":"Examen de T\u00edtulo de Especialista y Certificado de \u00c1rea de Experiencia 2026 \u2013 1.\u00aa fase"},"featured_media":55114,"parent":0,"template":"","class_list":["post-55113","activity","type-activity","status-publish","has-post-thumbnail","hentry","activity_category-titulo-de-especialista"],"acf":{"start_date":"20260517","end_date":"20260517","location":"Belo Horizonte e Bras\u00edlia, Curitiba, Recife, Rio de Janeiro e S\u00e3o Paulo.","text_info":"\u00c0s 9h","url":"https:\/\/cbr.org.br\/prova-titulo-especialista\/","show_on_home":false},"_links":{"self":[{"href":"https:\/\/cbr.org.br\/es\/wp-json\/wp\/v2\/activity\/55113","targetHints":{"allow":["GET"]}}],"collection":[{"href":"https:\/\/cbr.org.br\/es\/wp-json\/wp\/v2\/activity"}],"about":[{"href":"https:\/\/cbr.org.br\/es\/wp-json\/wp\/v2\/types\/activity"}],"wp:featuredmedia":[{"embeddable":true,"href":"https:\/\/cbr.org.br\/es\/wp-json\/wp\/v2\/media\/55114"}],"wp:attachment":[{"href":"https:\/\/cbr.org.br\/es\/wp-json\/wp\/v2\/media?parent=55113"}],"curies":[{"name":"wp","href":"https:\/\/api.w.org\/{rel}","templated":true}]}}

Examen de Título de Especialista y Certificado de Área de Experiencia 2026 – 1.ª fase

Belo Horizonte e Brasília, Curitiba, Recife, Rio de Janeiro e São Paulo.

Às 9h
