{"id":66,"date":"2021-12-20T09:37:59","date_gmt":"2021-12-20T12:37:59","guid":{"rendered":"https:\/\/cbr.org.br\/?page_id=66"},"modified":"2021-12-23T18:20:48","modified_gmt":"2021-12-23T21:20:48","slug":"radiologia-e-cultura","status":"publish","type":"page","link":"https:\/\/cbr.org.br\/es\/radiologia-e-cultura\/","title":{"rendered":"Radiolog\u00eda y Cultura"},"content":{"rendered":"<div class=\"wp-block-columns is-layout-flex wp-container-core-columns-is-layout-9d6595d7 wp-block-columns-is-layout-flex\">\n<div class=\"wp-block-column is-layout-flow wp-block-column-is-layout-flow\" style=\"flex-basis:33.33%\">\n<figure class=\"wp-block-embed alignwide is-type-video is-provider-youtube wp-block-embed-youtube wp-embed-aspect-16-9 wp-has-aspect-ratio\"><div class=\"wp-block-embed__wrapper\">\n<iframe title=\"CBR - The Visible Difference: Radiolog\u00eda en otras pantallas\" width=\"500\" height=\"281\" src=\"https:\/\/www.youtube.com\/embed\/CXdGjrHqEaQ?feature=oembed\" frameborder=\"0\" allow=\"accelerometer; autoplay; clipboard-write; encrypted-media; gyroscope; picture-in-picture; web-share\" referrerpolicy=\"strict-origin-when-cross-origin\" allowfullscreen><\/iframe>\n<\/div><\/figure>\n<\/div>\n\n\n\n<div class=\"wp-block-column is-layout-flow wp-block-column-is-layout-flow\" style=\"flex-basis:45%\">\n<p><strong>La diferencia visible: radiolog\u00eda en otras pantallas.<\/strong>\u00a0Un documental original y exclusivo, cuyo principal objetivo es evidenciar la historia de vida y el quehacer diario de los radi\u00f3logos de diferentes regiones del pa\u00eds: Centro Oeste, Norte, Noreste, Sureste y Sur. La primera proyecci\u00f3n tuvo lugar el 8 de noviembre (2021). \u00a1Mira el tr\u00e1iler aqu\u00ed y la pel\u00edcula completa se lanzar\u00e1 pronto!\u00a0<\/p>\n<\/div>\n<\/div>\n\n\n\n<div class=\"wp-block-columns is-layout-flex wp-container-core-columns-is-layout-9d6595d7 wp-block-columns-is-layout-flex\">\n<div class=\"wp-block-column is-layout-flow wp-block-column-is-layout-flow\" style=\"flex-basis:33.33%\">\n<figure class=\"wp-block-embed alignwide is-type-video is-provider-youtube wp-block-embed-youtube wp-embed-aspect-16-9 wp-has-aspect-ratio\"><div class=\"wp-block-embed__wrapper\">\nhttps:\/\/www.youtube.com\/watch?v=x0tAW3Q10tw\n<\/div><\/figure>\n<\/div>\n\n\n\n<div class=\"wp-block-column is-layout-flow wp-block-column-is-layout-flow\" style=\"flex-basis:30%\">\n<p>V\u00eddeo dirigido a m\u00e9dicos de otras especialidades. Una oportunidad para aprender m\u00e1s sobre la formaci\u00f3n y el trabajo del radi\u00f3logo. <\/p>\n<\/div>\n<\/div>\n\n\n\n<div class=\"wp-block-columns is-layout-flex wp-container-core-columns-is-layout-9d6595d7 wp-block-columns-is-layout-flex\">\n<div class=\"wp-block-column is-layout-flow wp-block-column-is-layout-flow\" style=\"flex-basis:33.33%\">\n<figure class=\"wp-block-embed alignwide is-type-video is-provider-youtube wp-block-embed-youtube wp-embed-aspect-16-9 wp-has-aspect-ratio\"><div class=\"wp-block-embed__wrapper\">\nhttps:\/\/www.youtube.com\/watch?v=0lQdF-XviCM\n<\/div><\/figure>\n<\/div>\n\n\n\n<div class=\"wp-block-column is-layout-flow wp-block-column-is-layout-flow\" style=\"flex-basis:45%\">\n<p> La apertura del WFT21&#039;31 cont\u00f3 con la participaci\u00f3n del American College of Radiology (ACR), American Roentgen Ray Society (ARRS), Brazilian College of Radiology and Image Diagnosis (CBR, Colegio Interamericano de Radiolog\u00eda (CIR), European Society of Radiology ( ESR), Sociedad Radiol\u00f3gica de Jap\u00f3n (JRS), Sociedad Radiol\u00f3gica de Am\u00e9rica del Norte (RSNA), Sociedad de Radiolog\u00eda de Asia y Ocean\u00eda (AOSR), Instituto Brit\u00e1nico de Radiolog\u00eda (BIR), Sociedad Internacional de Radiolog\u00eda (ISR) <\/p>\n<\/div>\n<\/div>\n\n\n\n<p><\/p>","protected":false},"excerpt":{"rendered":"<p>La diferencia visible: radiolog\u00eda en otras pantallas. Un documental original y exclusivo, cuyo principal objetivo es evidenciar la historia de vida y el quehacer diario de los radi\u00f3logos de diferentes regiones del pa\u00eds: Centro Oeste, Norte, Noreste, Sureste y Sur. La primera proyecci\u00f3n tuvo lugar el 8 de noviembre (2021). Mira el tr\u00e1iler aqu\u00ed y\u2026 <a href=\"https:\/\/cbr.org.br\/es\/radiologia-e-cultura\/\">Sigue leyendo<\/a><\/p>","protected":false},"author":8,"featured_media":0,"parent":0,"menu_order":0,"comment_status":"closed","ping_status":"closed","template":"","meta":{"_acf_changed":false,"footnotes":""},"class_list":["post-66","page","type-page","status-publish","hentry"],"acf":[],"_links":{"self":[{"href":"https:\/\/cbr.org.br\/es\/wp-json\/wp\/v2\/pages\/66","targetHints":{"allow":["GET"]}}],"collection":[{"href":"https:\/\/cbr.org.br\/es\/wp-json\/wp\/v2\/pages"}],"about":[{"href":"https:\/\/cbr.org.br\/es\/wp-json\/wp\/v2\/types\/page"}],"author":[{"embeddable":true,"href":"https:\/\/cbr.org.br\/es\/wp-json\/wp\/v2\/users\/8"}],"replies":[{"embeddable":true,"href":"https:\/\/cbr.org.br\/es\/wp-json\/wp\/v2\/comments?post=66"}],"version-history":[{"count":3,"href":"https:\/\/cbr.org.br\/es\/wp-json\/wp\/v2\/pages\/66\/revisions"}],"predecessor-version":[{"id":199,"href":"https:\/\/cbr.org.br\/es\/wp-json\/wp\/v2\/pages\/66\/revisions\/199"}],"wp:attachment":[{"href":"https:\/\/cbr.org.br\/es\/wp-json\/wp\/v2\/media?parent=66"}],"curies":[{"name":"wp","href":"https:\/\/api.w.org\/{rel}","templated":true}]}}

Radiología y Cultura

<div class="wp-block-columns is-layout-flex wp-container-core-columns-is-layout-9d6595d7 wp-block-columns-is-layout-flex">
<div class="wp-block-column is-layout-flow wp-block-column-is-layout-flow" style="flex-basis:33.33%">
<figure class="wp-block-embed alignwide is-type-video is-provider-youtube wp-block-embed-youtube wp-embed-aspect-16-9 wp-has-aspect-ratio"><div class="wp-block-embed__wrapper">
<iframe title="CBR - The Visible Difference: Radiología en otras pantallas" width="500" height="281" src="https://www.youtube.com/embed/CXdGjrHqEaQ?feature=oembed" frameborder="0" allow="accelerometer; autoplay; clipboard-write; encrypted-media; gyroscope; picture-in-picture; web-share" referrerpolicy="strict-origin-when-cross-origin" allowfullscreen></iframe>
</div></figure>
</div>



<div class="wp-block-column is-layout-flow wp-block-column-is-layout-flow" style="flex-basis:45%">
<p><strong>La diferencia visible: radiología en otras pantallas.</strong> Un documental original y exclusivo, cuyo principal objetivo es evidenciar la historia de vida y el quehacer diario de los radiólogos de diferentes regiones del país: Centro Oeste, Norte, Noreste, Sureste y Sur. La primera proyección tuvo lugar el 8 de noviembre (2021). ¡Mira el tráiler aquí y la película completa se lanzará pronto! </p>
</div>
</div>



<div class="wp-block-columns is-layout-flex wp-container-core-columns-is-layout-9d6595d7 wp-block-columns-is-layout-flex">
<div class="wp-block-column is-layout-flow wp-block-column-is-layout-flow" style="flex-basis:33.33%">
<figure class="wp-block-embed alignwide is-type-video is-provider-youtube wp-block-embed-youtube wp-embed-aspect-16-9 wp-has-aspect-ratio"><div class="wp-block-embed__wrapper">
https://www.youtube.com/watch?v=x0tAW3Q10tw
</div></figure>
</div>



<div class="wp-block-column is-layout-flow wp-block-column-is-layout-flow" style="flex-basis:30%">
<p>Vídeo dirigido a médicos de otras especialidades. Una oportunidad para aprender más sobre la formación y el trabajo del radiólogo. </p>
</div>
</div>



<div class="wp-block-columns is-layout-flex wp-container-core-columns-is-layout-9d6595d7 wp-block-columns-is-layout-flex">
<div class="wp-block-column is-layout-flow wp-block-column-is-layout-flow" style="flex-basis:33.33%">
<figure class="wp-block-embed alignwide is-type-video is-provider-youtube wp-block-embed-youtube wp-embed-aspect-16-9 wp-has-aspect-ratio"><div class="wp-block-embed__wrapper">
https://www.youtube.com/watch?v=0lQdF-XviCM
</div></figure>
</div>



<div class="wp-block-column is-layout-flow wp-block-column-is-layout-flow" style="flex-basis:45%">
<p> La apertura del WFT21&#039;31 contó con la participación del American College of Radiology (ACR), American Roentgen Ray Society (ARRS), Brazilian College of Radiology and Image Diagnosis (CBR, Colegio Interamericano de Radiología (CIR), European Society of Radiology ( ESR), Sociedad Radiológica de Japón (JRS), Sociedad Radiológica de América del Norte (RSNA), Sociedad de Radiología de Asia y Oceanía (AOSR), Instituto Británico de Radiología (BIR), Sociedad Internacional de Radiología (ISR) </p>
</div>
</div>



<p></p>

<p>La diferencia visible: radiología en otras pantallas. Un documental original y exclusivo, cuyo principal objetivo es evidenciar la historia de vida y el quehacer diario de los radiólogos de diferentes regiones del país: Centro Oeste, Norte, Noreste, Sureste y Sur. La primera proyección tuvo lugar el 8 de noviembre (2021). Mira el tráiler aquí y… <a href="https://cbr.org.br/es/radiologia-e-cultura/">Sigue leyendo</a></p>
